p. Is r composite?
False
Suppose 2*i - 7 = 3*h, 5*i + 15 = 5*h + 35. Suppose 5*o - i*g - 7535 = 0, -7571 = -0*o - 5*o - 4*g. Is o composite?
False
Suppose -3*x - 50298 = -3*q, 76*x - 73*x - 83790 = -5*q. Let w = -6770 + q. Is w a composite number?
True
Let l = 43138 + 20404. Is l a prime number?
False
Suppose 3*u - 6 = 3. Let h be 319/u + (-12)/36. Let w = 133 + h. Is w a composite number?
False
Let w be -5*(0 - -5) + -1. Is 723 + w - (1 - 1) composite?
True
Suppose 43088479 = 278*s - 87209881 - 9511454. Is s a prime number?
False
Suppose 247*y = 204*y + 4045999. Is y prime?
False
Is -7 - (-2 - 7/(-4) - (-132062632)/(-1376)) a composite number?
True
Let o = -81 + 101. Suppose 2*c - 35 = -4*q + 61, 0 = 5*c + o. Suppose q*p = 30*p - 712. Is p prime?
False
Suppose -3*q + 258104 = b, -20*b + 24*b - 20 = 0. Is q composite?
True
Is (27182*1)/(1652/10738) composite?
True
Suppose a + 4 = 0, -d = -3*a + 21 - 3. Let r(q) = q**3 + 934. Let p be r(0). Is (-10)/75 - p/d a prime number?
True
Let t(x) = 105*x**2 - x + 9. Let r(l) = -l**3 + 2*l**2 + 4*l + 1. Let m be r(3). Is t(m) composite?
True
Suppose -142824 = -28*i + 4*i. Suppose 8*t - 9*t + i = 0. Is t prime?
False
Is ((-2)/6)/(454/(-772541382)) a composite number?
True
Suppose -1815*u - 13668 = -1827*u. Is u composite?
True
Is ((-1320431)/28)/((-5)/20) a prime number?
True
Suppose -5*r + 25 = -0*o - 5*o, -5*r = -4*o - 25. Suppose o*f + 2289 = f + 2*s, -f + 2290 = s. Is f a prime number?
False
Let y = 57 - 33. Suppose -4*w - 18 = -2*t - 0*t, -2*w = -4*t + y. Is ((-6)/4 + 2)/(t/18470) composite?
False
Let d = 96 + -92. Suppose 4*i - 7*i - 1175 = -4*b, -2*b - 1574 = d*i. Let y = i + 682. Is y prime?
False
Let n = 9506 + -985. Is n a composite number?
False
Let u(s) = s**2 + 2*s + 5. Suppose 4*f + 6 = f. Let j be u(f). Suppose 10911 = -j*a + 8*a. Is a composite?
False
Let b(r) = 59*r + 73237. Is b(0) prime?
True
Let o = 263380 - 7829. Is o a composite number?
False
Let v(s) = 273405*s - 661. Is v(2) prime?
True
Suppose -42 = -4*t + 64*n - 62*n, 0 = -4*t + 3*n + 45. Is ((-447)/1)/(6 - t) prime?
True
Let y = -233 + 237. Is -541*((-2)/y - 0)*2 a prime number?
True
Suppose 6818*a - 1572 = 6814*a. Is a a composite number?
True
Suppose -17*g - 2 = -13*g + 2*u, g - 12 = 2*u. Is -2 - (65454/(-6) - (g - -4)) prime?
False
Let f = 12 - 7. Let k = -757 - -492. Is k/1*(-5)/f a composite number?
True
Let a be (-6)/14 + (-135)/(-21). Suppose 5*f = 2*n + 16, -a*n - 11 = 2*f - n. Suppose 0*l = 2*g - 2*l - 94, 90 = f*g - l. Is g prime?
True
Suppose 3*f - 5*z = -2*f + 45, 2*f = -4*z. Suppose f*n - 6177 - 7821 = 0. Is n a composite number?
False
Suppose 0 = -4*k - 463*t + 466*t + 44690, 0 = -5*t + 30. Is k composite?
False
Let r(u) be the first derivative of 109*u**2/2 + 10*u + 10. Let x be r(-4). Let s = x + 604. Is s composite?
True
Suppose c = -60*w + 56*w + 365229, 5*c - 2*w = 1825991. Is c composite?
False
Suppose 18*r = 22*r + 2*f - 610438, 5*f + 15 = 0. Is r prime?
False
Let k(o) = o**2 + 13*o + 24. Let z be k(-11). Let g(q) = 141*q**2 + 42 - 20 - 21 + 553*q**z + q. Is g(-1) composite?
True
Let i(f) = 12501*f + 5. Let y be i(1). Suppose -5*r + 4694 = t + 1557, -4*t = -r - y. Is t prime?
False
Let i = 354 - 350. Let s(n) = 33*n**3 - n - 1. Let h be s(3). Suppose 4*p = 5*j + 4709 + h, 0 = 3*p + i*j - 4197. Is p prime?
True
Suppose 0 = -8*f + 1412 + 172. Suppose -6*q - 76 = 38. Let m = f + q. Is m a prime number?
True
Suppose 45475 - 206279 - 275379 = -19*i. Is i composite?
True
Suppose 3*k = -4*l + 16, -5*l - 7*k = -2*k - 20. Suppose -20 = -u + 4*b, u + 0*u = -l*b - 4. Suppose 655 = u*t - 3273. Is t a composite number?
False
Let i be 247/91 - 2/(-7). Suppose i*n - 3*z - 1221 = 0, 11*n - 1640 = 7*n - 2*z. Is n composite?
False
Let p be ((-5)/55*0)/(-1*3). Suppose -19*k + 27*k - 10216 = p. Is k a composite number?
False
Suppose 2*k - 6 = -4*i, 17 = -2*k + k + 3*i. Let n(v) = 230*v**2 + 297*v + 2. Is n(k) composite?
True
Let m be 1/(-2)*7*-176. Let s = 345 - 343. Suppose 10*z = s*z + m. Is z composite?
True
Suppose 2*h = -4*m - 20, 5*h + 0 = 2*m - 14. Let t(p) = -15*p - 19. Let f be t(h). Suppose f*w + 1814 = 43*w. Is w prime?
True
Let f(q) = 1126*q**2 + 392*q**2 + 14*q - 28 - 41*q. Is f(-1) a composite number?
True
Let p(g) = 1058*g - 49. Let z be p(3). Let s = z - -4992. Is s a prime number?
True
Let n be (6/4)/(9/42). Suppose 5*w = k - 269, -2*w - 887 = -3*k - n*w. Suppose -21 = -10*m + k. Is m a prime number?
True
Let q(z) = -z**2 - 20*z - 69. Let c be q(-6). Suppose -r + 4148 = 5*m, -28*r - c = -33*r. Is m composite?
False
Suppose 5*h = 15 + 5. Let b = -3090 - 790. Is -3*(b/6)/h a prime number?
False
Let o = 200 - 195. Is 99350/50 + o + -1 prime?
False
Suppose -120 = -2*j - 0*j + 5*v, -4*v - 120 = -2*j. Is -2 + (-107919)/(-15) - (-24)/j prime?
True
Let x(m) = -44*m + 16. Let a be (-2)/(-2)*(6 - 19). Let c be x(a). Let r = -139 + c. Is r a composite number?
False
Let c(p) = 10*p**2 + 7*p + 50. Let q be c(-19). Suppose -5*b + q = -1628. Is b prime?
True
Suppose -10*g - 4 = -6*g. Let f be g*1*(-10 - -8). Suppose 2*o + 5*b - 3173 = 0, -f*b + 7734 = 3*o + 2958. Is o composite?
True
Let a = -16 + 20. Suppose 0 = a*d - 3*d - 1. Is d - 10/(-5) - -66 a composite number?
True
Let g = 212 + -43. Let j = g + 73. Let a = 155 + j. Is a a prime number?
True
Is (3 - (-4718775)/68) + (-2)/(-8) a composite number?
True
Suppose -2*i + 974 - 958 = 0. Let v = 11548 + 8678. Suppose -i*k = -2*k - v. Is k a prime number?
True
Is 3*15/(225/764905) a prime number?
True
Let h(x) = -865 - 2*x + 3*x**2 + 431 - 54*x**3 + 435. Is h(-2) a composite number?
False
Suppose 0 = w - 4*u - 15 - 29, 0 = 4*w + 5*u - 176. Let m = w + -41. Suppose -o = -4*y + 390, -m*o = 10 - 4. Is y a prime number?
True
Suppose 5*m - 4*h = -12, -6*h = -5*m - h - 15. Let o(x) = x**3 + x**2 - 2*x + 403. Is o(m) a prime number?
False
Let v = -94464 + 168935. Is v a composite number?
False
Let a be (-3)/2 + 21/6. Suppose -4*l + 284 = 5*n - 1814, -n + a = 0. Suppose k = -f + l, 2619 = 3*f + 2*f - 4*k. Is f a composite number?
False
Let s = 104 + 109. Suppose -i = 5*f - 5194, 3*i - 15849 + s = 3*f. Is i a prime number?
True
Suppose 73*o = -65*o + 145*o - 28. Let z = 13 + -8. Suppose -10257 = -4*f - z*i, 4*i = -o*f + i + 10255. Is f prime?
False
Let u = 239 - 233. Suppose -u*a - 3*t + 38960 = -a, -5*a = t - 38950. Is a prime?
True
Let o(v) = 1. Let c(s) = -348*s - 5. Let j(t) = c(t) - 6*o(t). Let h be (-45)/(-75) + (-23)/5. Is j(h) a composite number?
False
Let p(d) = -126*d - 4. Suppose 13*g = 18*g + 30. Let z be p(g). Suppose -3*c = -2213 + z. Is c composite?
False
Let a = 160 + -67. Suppose v - 158 = a. Is v a composite number?
False
Suppose -4*h + 735182 = 2*s, -s = 3*h - 71816 - 295778. Is s composite?
True
Suppose 265*t = 183*t + 44362. Is t a composite number?
False
Suppose 54*p + 3*r = 52*p + 2482544, -4*p + 5*r + 4965154 = 0. Is p prime?
False
Suppose h - 32*k - 7390 = -33*k, 2*k - 6 = 0. Is h composite?
True
Suppose -5*q + 34854 = 3*w, 11617 = w + 14*q - 12*q. Is w composite?
True
Suppose -x = -2*x + 44. Let q be ((-1080)/(-16))/((-1)/x). Let y = q + 4227. Is y a prime number?
False
Let s be 0 - (2 - (9 + 0)/(-3)). Let c(r) = 49*r + 2. Let b be c(s). Let v = b - -370. Is v a prime number?
True
Let b(u) = -4*u**2 - 16*u + 19. Let g(k) = 5*k**2 + 15*k - 20. Let l(c) = -4*b(c) - 3*g(c). Let s be l(-20). Suppose -s*t + 5*t - 265 = 0. Is t composite?
True
Suppose -2*m = 12*q - 1086927 - 2932879, -5*q = 3*m - 6029826. Is m a prime number?
True
Let m(o) = 306*o**2 + 6*o + 39. Let f(w) = -153*w**2 - 3*w - 19. Let p(q) = -5*f(q) - 2*m(q). Is p(-3) composite?
True
Let i = 192 - 157. Is (-20)/i + (-32244)/(-28) composite?
False
Let v(n) = -19 + 2*n + 5*n**2 + 26 + 3*n**2 + 46. Is v(14) a prime number?
False
Is ((-9)/(27/(-30)) - 680983)/(-3) a composite number?
False
Let s = -80558 - -181167. Is s a composite number?
False
Is ((-495658)/(-8))/((-10540)/880 - -12) composite?
True
Suppose 0 = 122*l - 87*l - 1734565. Is l a prime number?
True
Suppose -19*q = -q + 55692. Let u = 7083 + q. Is u a composite number?
False
Let d = 297 + 359. Let h = 1671 + d. Is h a composite number?
True
Suppose -3*c - 11*c = -80248 - 948738. Is c composite?
True
Suppose -15*k + 11*k = -44. Let y(x) = 